
37
Let z = -7 + 11. Suppose 2*s - 38 = -5*r + z*r, -2*s - 4*r + 32 = 0. Suppose -v - 3*v = -s. What are the prime factors of v?
5
Suppose 2*y - 5*y + g + 111 = 0, -5*g = 2*y - 91. List the prime factors of y.
2, 19
Let i(c) = -c - 3. Let r be i(-5). Suppose -2 = -r*a + 10. What are the prime factors of 0 + 34/(a/3)?
17
Let j = -262 + 405. What are the prime factors of j?
11, 13
List the prime factors of ((-24)/(-10))/(2/5).
2, 3
List the prime factors of -4 + (-4)/(-2) + 17.
3, 5
Let o(l) = -4*l + 6. Let x be o(5). Let w be 6/(-15) - x/10. List the prime factors of w/6*3*24.
2, 3
Let r(c) = c**2 + 2*c + 3. Suppose 4*n = 6*l - 4*l - 26, -4*n + l - 21 = 0. What are the prime factors of r(n)?
11
Suppose 0 = 8*x - 0*x - 272. What are the prime factors of x?
2, 17
Let w be 8/((-2)/((-2)/1)). Suppose -b - b = -w. List the prime factors of b.
2
Suppose -5*m = -40 + 10. What are the prime factors of (32/m)/(2/3)?
2
Let b = 18 - 15. Suppose -5*t = -b*y + 152, 0 = -4*y - t + 6*t + 196. List the prime factors of y.
2, 11
Let f(p) = 2*p**2 + 2*p - 2. Let b be f(-2). Suppose 0 = b*z - 5*z. Suppose -3*h = o - 23, 2*h - o + z*o = 17. List the prime factors of h.
2
Let l(v) = v**3 - 9*v**2 - 7*v + 14. Let i be l(9). Let c = 97 + i. What are the prime factors of c?
2, 3
Let r = -2 + 10. List the prime factors of r.
2
Let z(q) be the third derivative of q**6/120 + q**5/10 - q**3 + 2*q**2. Let r be z(-6). What are the prime factors of (-26)/r + (-8)/(-12)?
5
Let t(z) = 2*z**2 - z. Let g be t(-1). Suppose g*h - 17 = -3*m + 2*m, 5*h - 25 = 0. Suppose 6*l - 2*l - m*o = 30, 20 = -4*o. List the prime factors of l.
5
Let n = -10 - -169. What are the prime factors of n?
3, 53
Let y(c) = 3*c - 5. Let k be y(-5). Suppose 2*j - 2*s - 2*s = -2, 5*j + 75 = -4*s. Let o = j - k. What are the prime factors of o?
3
Suppose -39 = -5*a - 9. What are the prime factors of a/27 - (-590)/18?
3, 11
Suppose 4*l = -4*p - 372, 0*l - 282 = 3*p + 2*l. List the prime factors of p/(-6) - 6/(-2).
19
Let c(r) = r**2 + 2*r + 6. List the prime factors of c(-7).
41
Suppose 2*n - 230 = -3*n. List the prime factors of n.
2, 23
Let t(l) = -l**2 - 3*l + 4. List the prime factors of t(-3).
2
Let g = -3 - -39. What are the prime factors of 50/15*g/10?
2, 3
Suppose 4*h - 96 = -0*h. Suppose 2 = -d - b + 23, -2*d + h = -4*b. What are the prime factors of d?
2, 3
Let v be ((-66)/12)/(2/4). Let n = 14 + v. What are the prime factors of n?
3
Let j(u) = u**2 + 2*u - 2. Let c be j(5). Let y be (8/(-12))/((-2)/c). Let r = y + -3. What are the prime factors of r?
2
Let r(n) = -5*n - 34. What are the prime factors of r(-21)?
71
Let r = 65 + -36. Let p = r + -18. What are the prime factors of p?
11
Suppose -32 = 9*l - 311. List the prime factors of l.
31
Suppose -4*o = -o + 4*x + 9, -o = 4*x + 3. Let i be -3*(o - (-14)/(-6)). Suppose -q + i = -2. List the prime factors of q.
2, 3
Let m = -31 + 236. What are the prime factors of m?
5, 41
Suppose y + 42 = 3*p - 2*y, 52 = 4*p - 3*y. Suppose 0*g + p = -5*g. List the prime factors of (g/(-4))/((-4)/(-16)).
2
Let v(f) = 1 - 1 - f**2 + 3 - 14*f + 1. List the prime factors of v(-13).
17
Suppose -3*z - 2*b + 404 = 0, 0 = -4*z + 2*b - 3*b + 542. Suppose -5*u + 3*y + 32 - z = 0, -2*u = y + 35. List the prime factors of 2/4 - u/2.
2, 5
Suppose -o + 5*o = 384. Suppose 8*p - 5*p + 2*v = 81, -3*v = -3*p + o. List the prime factors of p.
29
Suppose -5*b - 24 = -o, 2*o + 4 = -b + 8. List the prime factors of -1 + 4 + (-1 - b).
2, 3
Suppose 2 = -g + 4*g + p, -3*g = 3*p - 6. Suppose g = 4*o - b - 88, -4*o - b = 4*b - 64. What are the prime factors of o?
3, 7
Suppose 9*n = 11*n - 554. List the prime factors of n.
277
List the prime factors of 414/8 - 12/16.
3, 17
Let x = 28 - 24. Let f be (0 + -1)/((-1)/46). Suppose -6*c + c + 57 = o, -x*c + f = o. What are the prime factors of c?
11
Suppose -q - 4*m - 2 = -13, -51 = -3*q - 3*m. What are the prime factors of q?
19
Suppose 3*u = 5*y - 165, 3*y = 2*u - 4*u + 118. What are the prime factors of y?
2, 3
Let g(o) = -o**2 - 7*o + 3. Let d be g(-8). Let z = 5 + d. Suppose z = -4*w - 2*m + 14, -4*w + 2*m = -21 - 13. List the prime factors of w.
2, 3
Let r(m) be the first derivative of -m**2/2 - 10*m + 1. Let h(q) = 5*q + 41. Let n(p) = -2*h(p) - 9*r(p). What are the prime factors of n(0)?
2
Let b(z) = 270*z**2 + 4*z - 2. What are the prime factors of b(1)?
2, 17
Suppose -u + 29 = 2*n, 9 = -0*n + n - 5*u. List the prime factors of (-18)/(-63) + 206/n.
3, 5
Let r = -69 + 188. What are the prime factors of r?
7, 17
Let u(n) = 2*n**2 - 7*n - 12. What are the prime factors of u(6)?
2, 3
Let s(u) = -2*u**2 - 2*u**2 - 3 - 4*u + u**3 + 10. What are the prime factors of s(5)?
2, 3
Let i(f) be the second derivative of f**5/20 - f**4/4 - 2*f**3/3 + 3*f**2/2 + f. List the prime factors of i(4).
3
Suppose 3*o - 26 = 4*m, 4*o = 5*o - 2*m - 8. Suppose -2*f = -f - o. List the prime factors of f.
2, 5
List the prime factors of (12/(-5))/((-3)/80 + 0).
2
Suppose -4*d + 2 = -z, -3*z - 7 = -2*d + 9. Let c(s) be the second derivative of s**5/20 + 5*s**4/12 - 7*s**3/6 - s**2 - s. What are the prime factors of c(z)?
2
Let o be 20/10 + -1 + 3. Suppose -5*d = -31 - o. What are the prime factors of d?
7
Suppose -106 = 4*b + 3*n, -3*n = 2*n + 10. Let w = -44 - b. Let p = 29 + w. List the prime factors of p.
2, 5
Let t = 16 - -20. What are the prime factors of t?
2, 3
Let k(m) = -5*m + 2. Let j be k(-2). Let b(w) = w**2 - 6*w + 4. Let r be b(8). Let z = r - j. List the prime factors of z.
2
Let f(z) be the second derivative of -z**4/6 + z. Let j be f(1). List the prime factors of (-3)/((-3)/j - 2).
2, 3
List the prime factors of 0 + (1 - (-1 + -27)).
29
Suppose -2*i + 20 = -0*i. Suppose 0*d + 5*d = i. Suppose o = -4, -4*x - d*o = -4*o - 36. What are the prime factors of x?
7
Suppose r + 182 = 3*r - 4*s, 0 = -2*s - 6. Suppose r = 2*l + 3*l. List the prime factors of l.
17
Let y(h) = -4*h**3 - h. What are the prime factors of y(-2)?
2, 17
Suppose -13*n - 419 = -1394. List the prime factors of n.
3, 5
Let z(p) = p**3 + p**2 + p - 1. Let v(b) = -2*b**3 + 2*b**2 - 11*b - 2. Let o(t) = v(t) + 3*z(t). What are the prime factors of o(-6)?
7
Let p(l) = l**2 - l - 7. List the prime factors of p(5).
13
Suppose 0 = -5*u, 3*u + 117 = -4*o + o. Let n = -16 - o. What are the prime factors of n?
23
Suppose -5*k - 95 = -15. Let b = k - -20. List the prime factors of b.
2
Let h(r) = r**3 - 4*r**2 + 2*r + 3. Let p be h(3). Suppose 250 = 5*i - p*i. Suppose n + i = 6*n. List the prime factors of n.
2, 5
Suppose 4*k + 6 = 3*n, 3*k + 4*n = -12 - 5. Let b = k + 7. Suppose -4*q - 24 = -4*t, -b*q + 19 = 2*t - 17. What are the prime factors of t?
2, 5
Let a(m) = m**3 - 11*m**2 - 4*m + 4. List the prime factors of a(12).
2, 5
Suppose -3*o - 2 - 20 = 2*f, f + 9 = -o. Let c = f + 29. List the prime factors of c.
2, 3
Let u(t) = -5*t - 5. Let c = 4 - 7. Let r(k) = -k**2 - k + 2. Let d be r(c). What are the prime factors of u(d)?
3, 5
Suppose 0 = -2*j - 3*j + 5. Let w(a) = a**2 + a + 1. Let d(p) = p. Let f(s) = j*w(s) + 3*d(s). List the prime factors of f(-6).
13
Let c = -16 - -22. List the prime factors of c.
2, 3
Suppose -3*w + 0 = d - 5, -d + 8 = 4*w. Suppose -w*m = -0*m - 63. What are the prime factors of m?
3, 7
Let v(j) = -5*j**3 + 41*j**2 + j. Let k(h) = -h**3 + 8*h**2. Let a(m) = 11*k(m) - 2*v(m). List the prime factors of a(5).
3, 5
Suppose 158 = 2*h - 2*f, 5*h + 54 = 3*f + 451. List the prime factors of h.
2, 5
Suppose -2*b + 64 = -372. What are the prime factors of b?
2, 109
Suppose -3*b = -332 - 367. What are the prime factors of b/11 - 16/88?
3, 7
Suppose 3*r - 7 = 59. Suppose 0 = -c - 2, c - r = -2*d - 3*c. List the prime factors of d.
3, 5
Let g(j) = -j**2 + 7*j + 7. Let u be g(8). Let w = u + 8. List the prime factors of w.
7
Suppose -n + 26 + 5 = 0. Let i = n + -21. Suppose -14 = -3*l + i. What are the prime factors of l?
2
Let t = -86 - -158. What are the prime factors of t?
2, 3
Suppose -w = -0*w - 23. What are the prime factors of w?
23
Let c = 66 - -2. List the prime factors of c.
2, 17
Suppose -943 = -8*o + 265. What are the prime factors of o?
151
Let r(w) = 40*w**2 + w. List the prime factors of r(-1).
3, 13
Let z = 2 - 2. Suppose -3*a = -z*a + 18. Let u = a - -8. What ar